215. Suppose m*f - f = h. What is the units digit of f?
7
Let s(o) = 269*o - 3. Let h be s(3). Suppose -8*l + h - 100 = 0. Let f = -2 + l. What is the tens digit of f?
8
Suppose -7*j + 36 - 8 = 0. Suppose 0 = l + 2*w - 72, -j*l + 5*l - 3*w - 92 = 0. What is the units digit of -3 + 3 + -2 - (0 - l)?
8
What is the ten thousands digit of (9 + 84/(-10))/(1/25305)?
1
Suppose -2 = -2*v + 2. Let n(q) = -7*q**3 + 2*q**2 + 0 - 4*q + 3*q - 4*q**v + 1. What is the units digit of n(-2)?
1
Let d be (-2)/(-8) + 220/80. Suppose -5*u + 1095 = -4*v, 0*u + 4*v - 657 = -d*u. Suppose 3*g = 3*b + 2*b + u, 0 = 3*g + 2*b - 240. What is the tens digit of g?
7
Let p = 281 + -276. Suppose p*g - 7*g = -1300. What is the hundreds digit of g?
6
Let j(r) = 4*r**3 + 67*r**2 + 139*r - 116. Let m(x) = x**3 + 17*x**2 + 35*x - 29. Let a(p) = -2*j(p) + 9*m(p). What is the units digit of a(-14)?
3
Let g = -39 + 67. Let j = -16131 - -16202. Let w = g + j. What is the tens digit of w?
9
Let y = -555 + 555. Suppose -10*f + 16402 - 1562 = y. What is the thousands digit of f?
1
Let n(c) be the third derivative of 11*c**5/60 + 11*c**4/12 - 5*c**3/2 - 79*c**2. What is the hundreds digit of n(11)?
5
Suppose -2*a = -24 - 0. Suppose -4*l - 28 = -a. What is the tens digit of 51 + 1*(l + 1)?
4
Suppose 4*f + 4*n + 4600 = 0, -8*n = 5*f - 4*n + 5753. Let p = 2084 + f. What is the tens digit of p?
3
Let r = 12 + -68. Let d be 7/42 - 3/((-18)/359). Let m = d - r. What is the hundreds digit of m?
1
Suppose -5776 = 4*n + 4*j - 36488, 3*j = -15. What is the hundreds digit of n?
6
What is the thousands digit of 2/32 - 17822884/(-1472)?
2
Suppose 53*s = 16*s + 406186. What is the thousands digit of s?
0
Suppose 0 = 20*n - 49*n - 8*n + 1701371. What is the thousands digit of n?
5
Suppose 84*y = -237*y - 36*y + 9274146. What is the tens digit of y?
7
Let o = 350 + -347. Suppose 3*z + 21 = 6, -3*n - o*z + 2034 = 0. What is the tens digit of n?
8
Suppose -266412 = -24*u - 20436 + 157224. What is the thousands digit of u?
6
Suppose -2*y = -h + 4, 0*h - h - y = 2. What is the tens digit of ((3 - h)/1)/((-6)/(-34))?
1
Suppose -29*h = 3*y - 34*h - 41604, -5*h = 4*y - 55507. What is the ten thousands digit of y?
1
Let q be (-22)/(-143) + (-148)/(-52). Suppose -q*z = -2*a - 2317, -1125 = -2*z - 2*a + 433. What is the tens digit of z?
7
Suppose -18*h + 50032 + 65604 = -65534. What is the ten thousands digit of h?
1
What is the units digit of 9735076/312 + (-15)/(-18)?
3
Let d = -13423 + 23615. What is the thousands digit of d?
0
Let j(k) = 152*k**2 - 410*k + 7. What is the tens digit of j(-6)?
3
Suppose 0*b = 81*b - 419499. What is the tens digit of b?
7
Let t be (-4 - (-15)/5)*3. What is the tens digit of (-1)/t*6*493?
8
Let a(i) = i**3 + 8*i**2 + 8*i + 9. Suppose o = -3 - 4. Let z be a(o). What is the tens digit of 2/1*z/(-4) - -21?
2
Let n be 48/(-26) + (-6)/39. Let y(s) = -2*s**3 + s**2 - 7*s - 7. Let l be y(n). Let f = 162 - l. What is the hundreds digit of f?
1
Let i = 21747 + -8202. What is the thousands digit of i?
3
Let c = -6316 + 13191. What is the hundreds digit of c?
8
Let i be 16/24 + ((-5764)/(-12) - 1). Suppose 7*o - o = i. What is the units digit of o?
0
Let a(p) be the third derivative of -3*p**6/40 - 3*p**5/10 + 7*p**4/12 + p**3/6 - 154*p**2. What is the tens digit of a(-6)?
1
Let u(z) = 2*z**2 - 45*z - 4. Let c be u(23). Let y(s) = 12*s + 15. What is the tens digit of y(c)?
4
Suppose -30*c + 61*c - 472 = 2039. Suppose 5*q + 57 = 5*x + q, -3*x - 4*q + 15 = 0. Suppose 0 = x*h + c - 837. What is the tens digit of h?
8
Suppose -3*t = -2*s + 60018, -841*s + 845*s = 4*t + 120048. What is the ten thousands digit of s?
3
Let c be 84/9*(-1 + -8). Let u = 204 + c. Suppose 2*y - 24 = u. What is the units digit of y?
2
Suppose -2*r = 3*y - 46, 2*y + 5*r + 1 - 50 = 0. Let a(n) = n**2 + 14*n + 30. What is the hundreds digit of a(y)?
3
Let u be (-3152*1)/(12 + (-1235)/104). What is the tens digit of 80/(-440) + u/(-22)?
4
Let b(o) = -92*o**3 - o**2 + 5*o + 4. What is the ten thousands digit of b(-5)?
1
Let g = -291 - -306. Let c(d) = d**2 + 16*d - 63. What is the hundreds digit of c(g)?
4
Suppose -6*s = -1 + 19. Let j(r) = r - 76. Let y(u) = -2*u + 1. Let w(x) = s*j(x) - 3*y(x). What is the units digit of w(0)?
5
Let s be (18/(-27))/((-1)/(-90)). Let a = s + 39. Let o = 85 + a. What is the tens digit of o?
6
What is the thousands digit of ((-3975)/(-4))/5*(-110704)/(-374)?
8
Let v = 21043 - 11576. What is the hundreds digit of v?
4
Suppose -3*t + 91 = -2*p, 3*p + t + 212 - 59 = 0. Let b(m) = 2*m**2 - 3*m + 4. Let h be b(-9). Let o = p + h. What is the hundreds digit of o?
1
What is the units digit of ((-26)/(-2) - -8506) + 14?
3
Let w be (-1*2)/(80/60)*6. What is the hundreds digit of 301/63 + -5 + (-6824)/w?
7
Let b(x) = 843*x**3 + 18*x**2 - 31*x - 6. What is the hundreds digit of b(2)?
7
Suppose -111785 = -22*z + 34075. What is the tens digit of z?
3
Suppose l - 1044 = -l. Let b = 1263 - l. What is the tens digit of b?
4
Suppose -u + 5236 = -5*v + v, -3*v + 21058 = 4*u. What is the thousands digit of u?
5
Suppose 30042 + 34561 = 2*v + 11167. What is the hundreds digit of v?
7
Let s(m) = 4*m**2 + 4*m**2 + 10*m - 11*m - m**3 - 2 - 4*m. Let l be s(9). Let f = 253 + l. What is the tens digit of f?
2
Suppose 2*r - 5*q = 3483, 3*r - 8*r = 5*q - 8620. What is the hundreds digit of r?
7
Let d be (-12)/((-18)/6)*1. Suppose 5*h = 2*u + d*h - 759, -h + 3 = 0. What is the units digit of u?
1
Let k(m) = 12*m**2 + 4*m - 5. Let p be k(9). Let t = p + -464. What is the tens digit of t?
3
Let h = 47 - 45. Suppose -5*m - 2*j = h*j + 420, -m = -2*j + 98. Let x = -53 - m. What is the units digit of x?
5
Let t = -25 - 5. Let a = 38 + t. Suppose -12 = -a*q + 228. What is the units digit of q?
0
Let y(c) = -5036*c - 54. Let m be y(6). What is the units digit of (-22)/143 - m/39?
6
Suppose 4*u + 3844 = 3*m, m + 0*m - 1292 = -4*u. Suppose 14*k - m = 11*k. What is the units digit of k?
8
Let c = 4 - 7. Let w be 6*((-52)/24 - c). Suppose 3*s = w*k + 433, -s = 3*s - 2*k - 568. What is the hundreds digit of s?
1
What is the units digit of 144/(16 + -34) + 19439?
1
Let b(j) = 132*j - 7. Let l be b(3). Suppose 7*a - l = -53. What is the tens digit of a?
4
Let q = 16863 - 9987. What is the hundreds digit of q?
8
Let u be 4/56*4 + (-244)/(-28). Suppose -374 - 2272 = -u*s. What is the hundreds digit of s?
2
Let h = -197 - -85. What is the hundreds digit of 5 - (1 + (h - -6))?
1
Let g(n) = -422*n + 637. What is the units digit of g(-16)?
9
Let c = 6156 + -5333. What is the tens digit of c?
2
Let l(w) = -13*w - 30. Let q be l(-3). Suppose q*s - 3984 = 2901. What is the hundreds digit of s?
7
Let o = -57 - -54. Let u be 5*(-1)/(o - (-436)/144). Let w = u + 277. What is the units digit of w?
7
What is the tens digit of (38/1520*48)/((-3)/(-135695))?
7
Suppose 2*z - 14615 + 792 = -3*q, -q + 5*z = -4619. What is the thousands digit of q?
4
Let z = -37 - -9. Let o = -6 + z. Let q = o - -71. What is the tens digit of q?
3
Let u = -86080 + 146932. What is the tens digit of u?
5
Suppose 4*k + 2*n = -420, 2*n + 0*n = -5*k - 527. Let a = k - -110. Let t(c) = 10*c**3 - 4*c**2 - 2*c - 2. What is the units digit of t(a)?
6
Let k(x) = x**2 + 10*x + 10. Let n be k(11). Suppose 4*r + 0*d + 3*d - 483 = 0, 0 = 2*r + 3*d - 243. Let f = n - r. What is the units digit of f?
1
What is the hundreds digit of 919956/156 - 6/39?
8
Let p = -287 + 302. Suppose -p*y = -12*y - 753. What is the tens digit of y?
5
Suppose m - 4*x - 25 = -4*m, 5 = m - x. Let a(d) be the second derivative of 3*d**5/20 - 2*d**4/3 - d**3/2 - d**2 - 2*d + 77. What is the tens digit of a(m)?
5
Let f(k) = -14*k**3 - k**2 + 4*k + 5. Let x be f(-4). Let t = 1805 - x. What is the units digit of t?
6
Suppose -12*j + 33422 = -4*j - 45250. What is the hundreds digit of j?
8
Suppose -6*i + 3*b = -9*i + 72333, 0 = i + 5*b - 24107. What is the hundreds digit of i?
1
Let x be (-2)/11 + (-5463)/(-99). Let n = 65 - x. Suppose -730 = -15*i + n*i. What is the hundreds digit of i?
1
Let a = 8565 - 4197. What is the units digit of a?
8
Let y = -10173 + 25257. What is the units digit of y?
4
Let r = 229 - 87. Suppose 5*p + 74 = 74. Suppose p = -5*u + 88 + r. What is the tens digit of u?
4
Suppose 18 + 118 =